
Let f = 21 - 17. Suppose 0 = -30*h + 16 - 1006. Let x be h/(f/(-4) - (-6)/7). Calculate the highest common divisor of x and 21.
21
Suppose 12*x = 5*x - 1589. Let i = -203 - x. Calculate the highest common factor of 64 and i.
8
Let d(h) = 21*h - 324. Let r be d(19). What is the highest common divisor of r and 555?
15
Let i be 1 - (-64851)/39 - (-96)/624. What is the greatest common factor of 768 and i?
128
Let s = 2074 - 1624. What is the greatest common divisor of 405 and s?
45
Let v(g) = 35*g**3 + 37*g**3 + 30*g**3 + 3*g - 103*g**3 - 8*g**2 + 48. Let t be v(-13). Calculate the greatest common factor of t and 14.
14
Suppose -168*c - 1533 + 2955 + 3954 = 0. Let y(h) = 5*h**3 - 2*h**2 + 2*h - 1. Let d be y(1). What is the greatest common divisor of c and d?
4
Suppose -n + 0*n = -27. Let w be 14/(-10)*(1 + 60/(-10)). Suppose 0 = -w*k - 5*k + 2592. Calculate the highest common factor of k and n.
27
Suppose 0 = 15*r + 4*r - 4*r. Suppose r = 4*s + y - 83, 12*y - 10 = 14*y. Calculate the highest common divisor of 418 and s.
22
Suppose -599*u - 3*x = -604*u + 2647, 2*u + x - 1072 = 0. What is the highest common factor of 169 and u?
13
Suppose -8*t + 6 = 102. Let r be (16/14)/((-15)/(630/t)). Suppose 0 = -r*i + 5*m + 195, m = -5 + 2. What is the greatest common factor of i and 9?
9
Suppose -4*o + 47 = -49. Let w be (-2155)/(-55) - (-16)/(-88). Let m be w/o - 9/(-24) - -4. What is the greatest common divisor of m and 66?
6
Let t = -788 - -1893. Suppose -44*j + 31*j = -t. What is the highest common factor of j and 170?
85
Suppose -253*v + 31527 = -216160. What is the highest common factor of 143 and v?
11
Let x = -70 - -385. Let l be 356/30 + 6/x*7. What is the highest common divisor of 156 and l?
12
Suppose -v + 10 = 3*z, -3*v - 24 = -z - 4. Let w be (z/3 - 1)*15. Let o be (2 - 7)*(-342)/57. What is the greatest common divisor of w and o?
10
Let o be (-17148)/(-42) - 4/14. Let k(l) = 719*l + 2910. Let s be k(-4). Calculate the greatest common divisor of o and s.
34
Let y(r) = 3*r**3 - 9*r**2 + 229*r - 70. Let p be y(16). Calculate the highest common divisor of 62 and p.
62
Let p = -6522 - -6658. Calculate the highest common factor of 1352 and p.
8
Suppose 131*i = 166*i - 2380. What is the highest common divisor of 24 and i?
4
Let r = -5456 - -5464. Suppose -496 = -6*w + 4*w. Suppose -4*c + 8 = -w. Calculate the greatest common divisor of r and c.
8
Suppose -6*g - 158 + 386 = 0. Calculate the greatest common divisor of 10526 and g.
38
Suppose -2*p = b + 3, 2*b + 9 = -4*p - b. Let n be 5 + -8 + p - (3 + 2). Let k(f) = -13*f - 44. Let c be k(n). Calculate the greatest common divisor of c and 6.
6
Let h = 10526 - 10214. Calculate the highest common factor of h and 1911.
39
Suppose -25*n = -78 - 141 - 31. Let o be (1 - 0/(-3)) + 2. What is the greatest common factor of n and o?
1
Suppose 250 = 6*h - 398. Let i = -75 + 81. Calculate the greatest common factor of i and h.
6
Let c = 833 - 805. What is the highest common divisor of c and 2716?
28
Let a = 20 + -15. Let y be -3*(3 - 11*(-2)/(-6)). Suppose d = 2*x, -d - x - y*x = -25. Calculate the highest common divisor of a and d.
5
Let x(j) = j**3 - 7*j**2 - 91*j + 686. Let y be x(7). What is the greatest common divisor of 1127 and y?
49
Suppose 0*c + 1056 = 3*c. Let l = -30423 + 30434. What is the highest common factor of l and c?
11
Let i(o) = -164*o - 272. Let u be i(-2). Let n be 5/20 - 94/(-8). Let j = u - n. What is the highest common factor of j and 4?
4
Let f(x) = -x**3 - 6*x**2 - x - 9. Let s be f(-5). Let w = 38 + s. What is the greatest common divisor of 21 and w?
3
Let k(h) = 8*h**3 + h - 1. Let a be k(1). Suppose -a*c - 88 + 400 = 0. What is the highest common factor of c and 6?
3
Suppose -4*d = -3*w - 139, -4*d + d = -4*w - 197. Let k = -42 - w. Let f be ((-11)/(-2))/(k/242). What is the greatest common divisor of 11 and f?
11
Let x be (-10 + (-252)/(-24))*644. What is the highest common divisor of 42 and x?
14
Let x(l) = l**3 - 54*l**2 - 297*l + 304. Let b be x(62). What is the greatest common factor of b and 516?
258
Let l(v) = 3*v**2 + 5*v - 13. Let g be l(-4). Let c = 44 + -36. Let x be -10*((-16)/(-4) - c). What is the greatest common factor of g and x?
5
Let a(o) = o**3 + o**2 - o - 1. Let t be a(5). Let d be 24*6/(-27)*63. Let m = 354 + d. Calculate the highest common divisor of t and m.
18
Suppose -135*l - 56 = -142*l. Suppose 385 = l*s + 129. What is the highest common factor of s and 512?
32
Suppose -3*m + j - 60 = 0, 9*m - j - 60 = 12*m. Let c be (-2)/((m/(-75))/((-4)/10)). What is the greatest common factor of c and 36?
3
Suppose -1272 = -5*n - 1147. Suppose -3*t + 5*w = -95, 3*t - 115 = -0*t - 5*w. Calculate the highest common factor of n and t.
5
Suppose -4*w = 5*r - 925, 40 + 195 = w + 2*r. Let a = -173 + w. What is the greatest common factor of 8 and a?
4
Let i(q) = 12*q**2 - 80*q - 287. Let c be i(-4). What is the greatest common divisor of c and 1035?
45
Suppose -2*a - 4*h + 18 = -h, -4*a - 4*h + 28 = 0. Let q be ((-3)/(-1) - a)/2. Suppose -42*l + 38*l + 96 = q. What is the highest common divisor of 6 and l?
6
Suppose -4*t + 209 = -111. Suppose 0 = -8*n + 10*n - 166. Let r = n + -67. Calculate the greatest common divisor of t and r.
16
Suppose 2*i - 2*m + 0*m - 870 = 0, 0 = -3*m. Let j = 39525 - 39510. What is the highest common divisor of j and i?
15
Let v be (1 + 132/(-1))/(13/(-169)). What is the greatest common factor of 39 and v?
13
Suppose 10*k + k - 4498 = -736. Calculate the greatest common divisor of k and 486.
18
Let k(n) = n**2 + 9*n - 7. Let d be k(-10). Let y(c) = -5 + 2*c + 2*c - 10*c + 6*c**2 - 3*c**2. Let b be y(d). Calculate the highest common factor of 32 and b.
4
Let v be ((-3816)/(-84))/(1/(-7)). Let x = -252 - v. What is the highest common factor of x and 44?
22
Let r = -235 - -439. Suppose 3*t - 54 = -5*f, 3*f = 3*t + t - 72. What is the greatest common factor of t and r?
6
Suppose -2*o = o. Suppose 3*b - 11 - 13 = o. Let n(l) = 658*l - 56524. Let u be n(86). What is the highest common divisor of b and u?
8
Suppose 94*r - 73*r + 78*r - 3663 = 0. Suppose -w - 185 = -2*w. What is the greatest common factor of r and w?
37
Let k(r) = 5*r + 2*r + 3*r - 4*r. Let l be k(6). Let s(x) = 17*x + 126. Let z be s(-6). Calculate the highest common divisor of z and l.
12
Let f be ((-16)/(-4) + -4)*(-2)/4. Let d(n) = -n**3 - 3*n + 46. Let i be d(f). Calculate the greatest common divisor of i and 253.
23
Let g be (-26)/((88/33)/(-8)). Calculate the greatest common divisor of 13494 and g.
78
Let u(g) = 475*g + 1432. Let k be u(-3). Calculate the highest common divisor of 7217 and k.
7
Let p(h) = h**2 + 85*h - 12. Let a be p(7). Calculate the highest common factor of 1027 and a.
79
Suppose 47751 = 83*d - 7859. What is the greatest common divisor of d and 130?
10
Suppose 5*s - 99 = -4*q + 43, -5*s = q - 148. Suppose -5*r - 3*l + 2*l = -50, -5*r - 5*l = -s. Let c = 13 - 2. What is the greatest common factor of r and c?
11
Suppose -5904*k + 5912*k = 16. What is the highest common factor of 86 and k?
2
Let u = -235 + 271. What is the greatest common divisor of u and 414?
18
Suppose -4*g + 3660 = 2800. Calculate the greatest common divisor of 43 and g.
43
Suppose 97 = -86*y + 1571 + 8330. Suppose -2*l = 4*u - 175 + 7, -3*u - 64 = -l. What is the greatest common divisor of y and l?
38
Let t be ((-171)/(-27) + -3)/((-12)/(-9522)). What is the highest common factor of 805 and t?
115
Suppose -9*c + 49 = -2*c. Suppose c*s - 11*s = -100. Let a be (0 + -6)*5*16/(-24). What is the highest common factor of s and a?
5
Let x(b) = 23*b - 688. Let q be x(32). Calculate the highest common factor of 792 and q.
24
Let g = 8689 - 7587. Calculate the greatest common factor of g and 406.
58
Let b(p) = -36*p - 3300. Let c be b(-95). Suppose 4*x = i + 2*i + 300, 0 = -4*i. Calculate the highest common divisor of c and x.
15
Let d = 20821 + -20734. Let z(i) = -10*i - 12. Let m be z(-7). Calculate the greatest common factor of d and m.
29
Suppose 2*o - 356 = -79*a + 76*a, 0 = -3*a. What is the greatest common divisor of 31862 and o?
178
Suppose 3*s - 220 = -5*y, 5*y - 35 = 4*s + 185. What is the greatest common divisor of 242 and y?
22
Suppose 14 = -215*i + 213*i. Let n be 436 + (i - (5 + -5)). What 